{"id":86,"date":"2020-05-25T08:44:47","date_gmt":"2020-05-25T08:44:47","guid":{"rendered":"http:\/\/neu.buecher-machen.de\/?page_id=86"},"modified":"2020-05-25T10:38:10","modified_gmt":"2020-05-25T10:38:10","slug":"datenschutz","status":"publish","type":"page","link":"https:\/\/buecher-machen.de\/?page_id=86","title":{"rendered":"Datenschutz"},"content":{"rendered":"\n<p>Ich nehme den Schutz Ihrer pers\u00f6nlichen Daten sehr ernst. Ich behandle Ihre personenbezogenen Daten vertraulich und den gesetzlichen Datenschutzvorschriften sowie dieser Datenschutzerkl\u00e4rung&nbsp;entsprechend.<\/p>\n\n\n\n<p>Die Nutzung dieser Website ist grunds\u00e4tzlich ohne Angabe personenbezogener Daten m\u00f6glich. Personenbezogene Daten, zum Beispiel Name und E-Mail-Adresse, werden nur dann gespeichert, wenn Sie mit mir per E-Mail in Kontakt treten.<\/p>\n\n\n\n<p><strong><span style=\"color:#2e8c96\" class=\"has-inline-color\">Server-Logfiles<\/span><\/strong><\/p>\n\n\n\n<p>Ihr Besuch auf meiner Website wird in einem Logfile erfasst. Anhand dieser Logfiles wird eine Statistik generiert. Um datenschutzkonform zu handeln, werden die IP-Adressen der Besucher auf dem Server des Providers anonymisiert und auch nur anonymisiert in der Statistik dargestellt. Es werden keine personenbezogenen Daten gespeichert.<\/p>\n\n\n\n<p><strong><span style=\"color:#2e8c96\" class=\"has-inline-color\">E-Mail<\/span><\/strong><\/p>\n\n\n\n<p>Wenn Sie mir eine Nachricht \u00fcber diese Website senden, verwende ich die Daten, die Sie darin freiwillig angegeben haben sowie Ihre E-Mail-Adresse ausschlie\u00dflich dazu, um Ihre Nachricht zu beantworten. Die personenbezogenen Daten gebe ich nicht an Dritte weiter.<br>Ich weise darauf hin, dass die Daten\u00fcbertragung im Internet, zum Beispiel bei der Kommunikation per E-Mail, Sicherheitsl\u00fccken aufweisen kann. Ein l\u00fcckenloser Schutz der Daten vor dem Zugriff durch Dritte ist nicht m\u00f6glich.<\/p>\n\n\n\n<p><strong><span style=\"color:#2e8c96\" class=\"has-inline-color\">Google-Webfonts<\/span><\/strong><\/p>\n\n\n\n<p>Diese Seite nutzt zur einheitlichen Darstellung von Schriftarten sogenannte Webfonts, die von Google bereitgestellt werden. Beim Aufruf einer Seite l\u00e4dt Ihr Browser die ben\u00f6tigten Webfonts in ihren Browsercache, um Texte und Schriftarten korrekt anzuzeigen.<br>Zu diesem Zweck muss der von Ihnen verwendete Browser Verbindung zu den Servern von Google aufnehmen. Hierdurch erlangt Google Kenntnis dar\u00fcber, dass \u00fcber Ihre IP-Adresse meine Website aufgerufen wurde. Die Nutzung von Google Webfonts erfolgt im Interesse einer einheitlichen und ansprechenden Darstellung meiner Website. Dies stellt ein berechtigtes Interesse im Sinne von Art. 6 Abs. 1 lit. f DSGVO dar.<br>Wenn Ihr Browser Webfonts nicht unterst\u00fctzt, wird eine Standardschrift von Ihrem Computer genutzt.<br>Weitere Informationen zu Google Webfonts finden Sie unter https:\/\/developers.google.com\/fonts\/faq und in der Datenschutzerkl\u00e4rung von Google: https:\/\/www.google.com\/policies\/privacy\/.<\/p>\n\n\n\n<p><strong><span style=\"color:#2e8c96\" class=\"has-inline-color\">Recht auf Auskunft, L\u00f6schung und Sperrung<\/span><\/strong><\/p>\n\n\n\n<p>Sie haben das Recht, Auskunft dar\u00fcber zu erhalten, welche Ihrer Daten zu welchem Zweck von mir gespeichert werden,&nbsp;Ihre personenbezogenen gespeicherten Daten l\u00f6schen, sperren, berichtigen oder erg\u00e4nzen zu lassen und&nbsp;Widerspruch gegen die erteilte Einwilligung in die Verarbeitung Ihrer personenbezogenen Daten einzulegen.<\/p>\n\n\n\n<p><strong><span style=\"color:#2e8c96\" class=\"has-inline-color\">Disclaimer<\/span><\/strong><\/p>\n\n\n\n<p>Auf diesen Seiten befinden sich Links zu anderen Seiten im Internet. Die Inhalte all dieser externen Seiten wurden gepr\u00fcft. Dennoch \u00fcbernehme ich f\u00fcr diese Inhalte keine Haftung. Die Verantwortung f\u00fcr die externen Seiten liegt ausschlie\u00dflich bei deren Betreibern.<\/p>\n","protected":false},"excerpt":{"rendered":"<p>Ich nehme den Schutz Ihrer pers\u00f6nlichen Daten sehr ernst. Ich behandle Ihre personenbezogenen Daten vertraulich und den gesetzlichen Datenschutzvorschriften sowie dieser Datenschutzerkl\u00e4rung&nbsp;entsprechend. Die Nutzung dieser Website ist grunds\u00e4tzlich ohne Angabe personenbezogener Daten m\u00f6glich. Personenbezogene Daten, zum Beispiel Name und E-Mail-Adresse,<\/p>\n","protected":false},"author":1,"featured_media":0,"parent":14,"menu_order":-1,"comment_status":"closed","ping_status":"closed","template":"","meta":{"footnotes":""},"class_list":["post-86","page","type-page","status-publish","hentry"],"_links":{"self":[{"href":"https:\/\/buecher-machen.de\/index.php?rest_route=\/wp\/v2\/pages\/86","targetHints":{"allow":["GET"]}}],"collection":[{"href":"https:\/\/buecher-machen.de\/index.php?rest_route=\/wp\/v2\/pages"}],"about":[{"href":"https:\/\/buecher-machen.de\/index.php?rest_route=\/wp\/v2\/types\/page"}],"author":[{"embeddable":true,"href":"https:\/\/buecher-machen.de\/index.php?rest_route=\/wp\/v2\/users\/1"}],"replies":[{"embeddable":true,"href":"https:\/\/buecher-machen.de\/index.php?rest_route=%2Fwp%2Fv2%2Fcomments&post=86"}],"version-history":[{"count":2,"href":"https:\/\/buecher-machen.de\/index.php?rest_route=\/wp\/v2\/pages\/86\/revisions"}],"predecessor-version":[{"id":132,"href":"https:\/\/buecher-machen.de\/index.php?rest_route=\/wp\/v2\/pages\/86\/revisions\/132"}],"up":[{"embeddable":true,"href":"https:\/\/buecher-machen.de\/index.php?rest_route=\/wp\/v2\/pages\/14"}],"wp:attachment":[{"href":"https:\/\/buecher-machen.de\/index.php?rest_route=%2Fwp%2Fv2%2Fmedia&parent=86"}],"curies":[{"name":"wp","href":"https:\/\/api.w.org\/{rel}","templated":true}]}}

<p>Ich nehme den Schutz Ihrer persönlichen Daten sehr ernst. Ich behandle Ihre personenbezogenen Daten vertraulich und den gesetzlichen Datenschutzvorschriften sowie dieser Datenschutzerklärung&nbsp;entsprechend.</p>



<p>Die Nutzung dieser Website ist grundsätzlich ohne Angabe personenbezogener Daten möglich. Personenbezogene Daten, zum Beispiel Name und E-Mail-Adresse, werden nur dann gespeichert, wenn Sie mit mir per E-Mail in Kontakt treten.</p>



<p><strong><span style="color:#2e8c96" class="has-inline-color">Server-Logfiles</span></strong></p>



<p>Ihr Besuch auf meiner Website wird in einem Logfile erfasst. Anhand dieser Logfiles wird eine Statistik generiert. Um datenschutzkonform zu handeln, werden die IP-Adressen der Besucher auf dem Server des Providers anonymisiert und auch nur anonymisiert in der Statistik dargestellt. Es werden keine personenbezogenen Daten gespeichert.</p>



<p><strong><span style="color:#2e8c96" class="has-inline-color">E-Mail</span></strong></p>



<p>Wenn Sie mir eine Nachricht über diese Website senden, verwende ich die Daten, die Sie darin freiwillig angegeben haben sowie Ihre E-Mail-Adresse ausschließlich dazu, um Ihre Nachricht zu beantworten. Die personenbezogenen Daten gebe ich nicht an Dritte weiter.<br>Ich weise darauf hin, dass die Datenübertragung im Internet, zum Beispiel bei der Kommunikation per E-Mail, Sicherheitslücken aufweisen kann. Ein lückenloser Schutz der Daten vor dem Zugriff durch Dritte ist nicht möglich.</p>



<p><strong><span style="color:#2e8c96" class="has-inline-color">Google-Webfonts</span></strong></p>



<p>Diese Seite nutzt zur einheitlichen Darstellung von Schriftarten sogenannte Webfonts, die von Google bereitgestellt werden. Beim Aufruf einer Seite lädt Ihr Browser die benötigten Webfonts in ihren Browsercache, um Texte und Schriftarten korrekt anzuzeigen.<br>Zu diesem Zweck muss der von Ihnen verwendete Browser Verbindung zu den Servern von Google aufnehmen. Hierdurch erlangt Google Kenntnis darüber, dass über Ihre IP-Adresse meine Website aufgerufen wurde. Die Nutzung von Google Webfonts erfolgt im Interesse einer einheitlichen und ansprechenden Darstellung meiner Website. Dies stellt ein berechtigtes Interesse im Sinne von Art. 6 Abs. 1 lit. f DSGVO dar.<br>Wenn Ihr Browser Webfonts nicht unterstützt, wird eine Standardschrift von Ihrem Computer genutzt.<br>Weitere Informationen zu Google Webfonts finden Sie unter https://developers.google.com/fonts/faq und in der Datenschutzerklärung von Google: https://www.google.com/policies/privacy/.</p>



<p><strong><span style="color:#2e8c96" class="has-inline-color">Recht auf Auskunft, Löschung und Sperrung</span></strong></p>



<p>Sie haben das Recht, Auskunft darüber zu erhalten, welche Ihrer Daten zu welchem Zweck von mir gespeichert werden,&nbsp;Ihre personenbezogenen gespeicherten Daten löschen, sperren, berichtigen oder ergänzen zu lassen und&nbsp;Widerspruch gegen die erteilte Einwilligung in die Verarbeitung Ihrer personenbezogenen Daten einzulegen.</p>



<p><strong><span style="color:#2e8c96" class="has-inline-color">Disclaimer</span></strong></p>



<p>Auf diesen Seiten befinden sich Links zu anderen Seiten im Internet. Die Inhalte all dieser externen Seiten wurden geprüft. Dennoch übernehme ich für diese Inhalte keine Haftung. Die Verantwortung für die externen Seiten liegt ausschließlich bei deren Betreibern.</p>

<p>Ich nehme den Schutz Ihrer persönlichen Daten sehr ernst. Ich behandle Ihre personenbezogenen Daten vertraulich und den gesetzlichen Datenschutzvorschriften sowie dieser Datenschutzerklärung&nbsp;entsprechend. Die Nutzung dieser Website ist grundsätzlich ohne Angabe personenbezogener Daten möglich. Personenbezogene Daten, zum Beispiel Name und E-Mail-Adresse,</p>
